3995
What is -594565 (base 10) in base 4?
-2101022011
15fd9b (base 16) to base 14
2972d5
-110010000001100011 (base 2) to base 9
-342055
-3322030 (base 4) to base 15
-4b27
39269 (base 12) to base 13
2973c
What is 1111011100110110 (base 2) in base 7?
352336
Convert -21111111201210 (base 3) to base 9.
-7444653
What is -22330b0 (base 14) in base 9?
-33530237
Convert -534676 (base 10) to base 11.
-33578a
Convert -1009255 (base 11) to base 13.
-4a5c38
-12f9b6 (base 16) to base 13
-347057
Convert 2142420 (base 6) to base 14.
2ad2c
Convert 40832ba (base 12) to base 11.
6925565
Convert -11616152 (base 7) to base 10.
-1046579
Convert -99d02 (base 16) to base 15.
-c6a13
-30514 (base 7) to base 5
-214314
Convert 10010011111100111111101 (base 2) to base 15.
65b735
-3153005 (base 6) to base 3
-21212110012
What is -1452404 (base 10) in base 9?
-2653282
What is 444886 (base 9) in base 5?
32003312
What is 2223569 (base 13) in base 2?
100111111001111010110001
Convert -4620510 (base 7) to base 15.
-b5c2c
What is -1060421 (base 12) in base 3?
-12212001111021
Convert -202213023 (base 4) to base 12.
-6a063
What is -1220112102212 (base 3) in base 10?
-1014359
Convert 69958a (base 11) to base 16.
10f2e5
What is 2ad08 (base 15) in base 7?
1113065
1645744 (base 8) to base 16
74be4
What is 2014132 (base 6) in base 16?
17528
What is 223414102 (base 5) in base 3?
1212201000222
Convert 22101020011002 (base 3) to base 14.
83ca82
What is -3a66f (base 16) in base 6?
-5043251
2475114 (base 8) to base 12
291464
68357 (base 15) to base 13
b7b77
What is -101100111110010011 (base 2) in base 6?
-3540455
What is 3b55007 (base 12) in base 15?
1083771
What is 1383834 (base 10) in base 11?
865771
Convert -110000101000000110 (base 2) to base 10.
-199174
Convert a57cab (base 13) to base 14.
72b791
Convert -223512 (base 14) to base 2.
-100011011100111101100
What is -4178627 (base 9) in base 15?
-2e2c8d
Convert -5ba102 (base 12) to base 6.
-51532402
Convert 1872118 (base 10) to base 14.
36a38a
What is 2406421 (base 8) in base 6?
22041321
-412221110 (base 5) to base 14
-31a106
-542122 (base 6) to base 2
-1010111000000010
60100 (base 10) to base 9
101387
What is 3540633 (base 9) in base 4?
13103312220
1705133 (base 8) to base 6
14331455
What is -10355052 (base 6) in base 3?
-120210102012
Convert 504420125 (base 6) to base 8.
40700725
-4223334 (base 5) to base 16
-11345
What is 131108 (base 9) in base 2?
10011011010111110
Convert -17128a3 (base 11) to base 10.
-2917302
Convert 1020a8 (base 14) to base 11.
341345
Convert -383cd (base 16) to base 12.
-b1379
Convert -4421431 (base 8) to base 11.
-742046
83081 (base 10) to base 11
57469
Convert 6707526 (base 8) to base 5.
430244131
Convert 690557 (base 11) to base 16.
10c3f6
Convert -148549a (base 11) to base 3.
-11210001102022
-64eb3 (base 15) to base 3
-121021201220
3232322 (base 4) to base 15
47e5
What is 2230361 (base 7) in base 8?
1033521
Convert 242750 (base 8) to base 2.
10100010111101000
-1422111311 (base 5) to base 11
-2102204
-b53848 (base 13) to base 10
-4235031
-7465107 (base 9) to base 10
-3999382
Convert -2330241240 (base 5) to base 13.
-11441ac
Convert -1c890e (base 16) to base 8.
-7104416
What is -5515134 (base 6) in base 7?
-2222365
Convert 8a179a (base 11) to base 13.
3b4177
What is -13112123 (base 7) in base 8?
-4440642
What is -6620677 (base 8) in base 15?
-251cab
116ea1 (base 16) to base 12
471169
What is 20332200130 (base 4) in base 16?
23e81c
-423135 (base 14) to base 4
-20202002323
-2563088 (base 12) to base 14
-d930a4
431014 (base 9) to base 13
8ca61
140400 (base 5) to base 15
1a6a
What is -11010110011010000 (base 2) in base 11?
-75527
Convert 2111210013 (base 4) to base 16.
95907
What is b365 (base 12) in base 10?
19517
Convert 4346312 (base 7) to base 5.
114022320
73752e (base 16) to base 8
34672456
What is -d96c (base 15) in base 11?
-31620
4323136 (base 7) to base 13
155ab8
What is -14716725 (base 8) in base 13?
-91592b
Convert -53707a (base 11) to base 14.
-184c74
What is d593c (base 16) in base 11?
548294
-57441 (base 10) to base 13
-201b7
What is 22132210202 (base 4) in base 7?
32226515
-122010233220 (base 4) to base 3
-110212021002200
What is 147995a (base 11) in base 12?
a20b09
Convert -9119a9 (base 11) to base 10.
-1466639
3852074 (base 9) to base 2
1000000000111100110101
What is -60830 (base 12) in base 9?
-211260
4556173 (base 10) to base 11
2632136
145531415 (base 6) to base 3
12210021011202
What is 764c5 (base 13) in base 9?
355427
Convert -111100001100011011 (base 2) to base 7.
-2044551
What is -11746100 (base 8) in base 6?
-131522544
Convert -b54595 (base 12) to base 5.
-1212123302
Convert 110112013303 (base 4) to base 7.
63222352
Convert -126b86 (base 12) to base 13.
-a7814
What is -150326 (base 8) in base 10?
-53462
Convert -65ea65 (base 16) to base 4.
-121132221211
Convert -9a6751 (base 11) to base 3.
-10000112022111
Convert -10020122211002 (base 3) to base 5.
-420203120
Convert -1020214433 (base 5) to base 12.
-861058
-9edc97 (base 15) to base 4
-130330333102
Convert -11011100101110011100 (base 2) to base 5.
-212412332
Convert 3f452 (base 16) to base 9.
434438
What is 84a878 (base 11) in base 13?
388831
-123400041 (base 5) to base 16
-9403f
781e (base 15) to base 5
1303304
What is -111001110100001011 (base 2) in base 5?
-30034221
What is -761a3 (base 11) in base 10?
-110707
Convert -2010101222 (base 3) to base 4.
-22031321
Convert 108153 (base 14) to base 6.
20000445
-100322121101 (base 4) to base 15
-5c895e
Convert -7642225 (base 8) to base 12.
-829a45
Convert -216151 (base 8) to base 11.
-4a780
-15a816 (base 11) to base 7
-2053432
-204421052 (base 7) to base 6
-1110431412
What is -47661176 (base 8) in base 14?
-155c90a
What is -31330320330 (base 4) in base 14?
-6b2b80
Convert -30355501 (base 6) to base 5.
-210332002
What is -6534574 (base 8) in base 6?
-101312232
What is -32003221010 (base 4) in base 5?
-1420404212
4338127 (base 10) to base 4
100203013033
What is -5362362 (base 7) in base 13?
-19b86a
-113111322310 (base 4) to base 11
-34aa401
-3101612 (base 7) to base 11
-233318
What is -12011330311 (base 4) in base 11?
-9a1034
Convert -2111200001 (base 3) to base 12.
-2466a
4a889 (base 12) to base 4
120301221
-16b2ac (base 14) to base 5
-201032143
What is 350111 (base 7) in base 6?
1201135
Convert -53a57 (base 11) to base 6.
-1403142
Convert -204a008 (base 11) to base 14.
-6a15c8
Convert c8c21 (base 13) to base 15.
72578
-41175 (base 12) to base 8
-245651
2122012 (base 11) to base 16
390242
Convert -a2d84 (base 15) to base 14.
-d60c9
413114440 (base 5) to base 6
100132422
201202110120021 (base 3) to base 6
1013020011
304e1 (base 16) to base 2
110000010011100001
What is -2067dd (base 15) in base 13?
-41c40a
What is -7365822 (base 10) in base 3?
-111212020000020
10100110110011000100111 (base 2) to base 7
64312544
801b (base 16) to base 15
9ab5
Convert -98ba2 (base 16) to base 7.
-5213551
Convert -16541116 (base 8) to base 14.
-723514
What is 49a2a17 (base 11) in base 5?
4210423003
What is 442205 (base 7) in base 12?
38b05
Convert 1152533242 (base 6) to base 11.
755a92a
What is -3c605 (base 16) in base 5?
-30403201
Convert 1213102331 (base 4) to base 2.
1100111010010111101
Convert -36632 (base 9) to base 2.
-101111111111100
Convert 147347 (base 13) to base 15.
9d8c2
What is -12002221021022 (base 3) in base 5?
-1143334433
Convert 63706250 (base 8) to base 11.
7750399
180cb4 (base 13) to base 10
601956
Convert ba324 (base 14) to base 16.
6e04c
506ba1 (base 12) to base 13
34ca44
Convert 1035225 (base 10) to base 3.
1221121001200
What is -20400220 (base 6) in base 4?
-2100103110
Convert 653235 (base 11) to base 7.
11605050
-101221002112 (base 3) to base 4
-310201103
1c421 (base 14) to base 10
72157
Convert 10103101 (base 4) to base 5.
1030432
-14541242 (base 6) to base 13
-14b73c
-e6ef6 (base 16) to base 11
-596749
What is 31722 (base 9) in base 5?
1132444
Convert 18620301 (base 9) to base 3.
122200200100001
What is 62c29 (base 16) in base 5?
100421041
-1111198 (base 10) to base 11
-699950
Convert -1654975 (base 11) to base 10.
-2817567
36a814a (base 11) to base 6
345554330
-550003 (base 9) to base 6
-11010433
-42407 (base 10) to base 6
-524155
Convert -281613 (base 13) to base 6.
-32514353
-101010302